{"id":7,"date":"2024-06-11T16:04:19","date_gmt":"2024-06-11T14:04:19","guid":{"rendered":"https:\/\/licisur.com\/?page_id=7"},"modified":"2024-07-22T08:50:54","modified_gmt":"2024-07-22T06:50:54","slug":"inicio","status":"publish","type":"page","link":"https:\/\/licisur.com\/","title":{"rendered":"Inicio"},"content":{"rendered":"\t\t<div data-elementor-type=\"wp-post\" data-elementor-id=\"7\" class=\"elementor elementor-7\">\n\t\t\t\t<div class=\"elementor-element elementor-element-h9raxl9 e-flex e-con-boxed e-con e-parent\" data-id=\"h9raxl9\" data-element_type=\"container\" data-settings=\"{&quot;background_background&quot;:&quot;classic&quot;}\">\n\t\t\t\t\t<div class=\"e-con-inner\">\n\t\t<div class=\"elementor-element elementor-element-fe6a729 e-con-full e-flex e-con e-child\" data-id=\"fe6a729\" data-element_type=\"container\">\n\t\t\t\t<div class=\"elementor-element elementor-element-e724ef6 elementor-invisible elementor-widget elementor-widget-image\" data-id=\"e724ef6\" data-element_type=\"widget\" data-settings=\"{&quot;_animation&quot;:&quot;fadeInDown&quot;}\" data-widget_type=\"image.default\">\n\t\t\t\t<div class=\"elementor-widget-container\">\n\t\t\t\t\t\t\t\t\t\t\t\t\t\t\t<img decoding=\"async\" width=\"344\" height=\"82\" src=\"https:\/\/licisur.com\/wp-content\/uploads\/2024\/06\/LOGO.png\" class=\"attachment-large size-large wp-image-22\" alt=\"\" srcset=\"https:\/\/licisur.com\/wp-content\/uploads\/2024\/06\/LOGO.png 344w, https:\/\/licisur.com\/wp-content\/uploads\/2024\/06\/LOGO-300x72.png 300w\" sizes=\"(max-width: 344px) 100vw, 344px\" \/>\t\t\t\t\t\t\t\t\t\t\t\t\t\t\t<\/div>\n\t\t\t\t<\/div>\n\t\t\t\t<\/div>\n\t\t\t\t\t<\/div>\n\t\t\t\t<\/div>\n\t\t<div class=\"elementor-element elementor-element-7f7cf9q e-flex e-con-boxed e-con e-parent\" data-id=\"7f7cf9q\" data-element_type=\"container\" data-settings=\"{&quot;background_background&quot;:&quot;classic&quot;}\">\n\t\t\t\t\t<div class=\"e-con-inner\">\n\t\t<div class=\"elementor-element elementor-element-43d6379 e-con-full e-flex e-con e-child\" data-id=\"43d6379\" data-element_type=\"container\">\n\t\t\t\t<div class=\"elementor-element elementor-element-1ccd2ff elementor-widget elementor-widget-image\" data-id=\"1ccd2ff\" data-element_type=\"widget\" data-widget_type=\"image.default\">\n\t\t\t\t<div class=\"elementor-widget-container\">\n\t\t\t\t\t\t\t\t\t\t\t\t\t\t\t<img decoding=\"async\" width=\"200\" height=\"154\" src=\"https:\/\/licisur.com\/wp-content\/uploads\/2024\/06\/quote-1.png\" class=\"attachment-full size-full wp-image-10\" alt=\"\" \/>\t\t\t\t\t\t\t\t\t\t\t\t\t\t\t<\/div>\n\t\t\t\t<\/div>\n\t\t\t\t<\/div>\n\t\t<div class=\"elementor-element elementor-element-437ea03 e-con-full e-flex e-con e-child\" data-id=\"437ea03\" data-element_type=\"container\" data-settings=\"{&quot;background_background&quot;:&quot;classic&quot;}\">\n\t\t\t\t<div class=\"elementor-element elementor-element-c2eefd3 elementor-invisible elementor-widget elementor-widget-testimonial\" data-id=\"c2eefd3\" data-element_type=\"widget\" data-settings=\"{&quot;_animation&quot;:&quot;fadeInRight&quot;}\" data-widget_type=\"testimonial.default\">\n\t\t\t\t<div class=\"elementor-widget-container\">\n\t\t\t\t\t\t\t<div class=\"elementor-testimonial-wrapper\">\n\t\t\t\t\t\t\t<div class=\"elementor-testimonial-content\">\"M\u00e1s de 15 a\u00f1os de experiencia, especializados en licitaciones de obra civil y licitaciones de edificaci\u00f3n.\"<\/div>\n\t\t\t\n\t\t\t\t\t<\/div>\n\t\t\t\t\t\t<\/div>\n\t\t\t\t<\/div>\n\t\t\t\t<\/div>\n\t\t\t\t\t<\/div>\n\t\t\t\t<\/div>\n\t\t<div class=\"elementor-element elementor-element-7arpv1m e-flex e-con-boxed e-con e-parent\" data-id=\"7arpv1m\" data-element_type=\"container\">\n\t\t\t\t\t<div class=\"e-con-inner\">\n\t\t<div class=\"elementor-element elementor-element-40552d9 e-con-full e-flex e-con e-child\" data-id=\"40552d9\" data-element_type=\"container\">\n\t\t\t\t<div class=\"elementor-element elementor-element-2fa8427 elementor-invisible elementor-widget elementor-widget-heading\" data-id=\"2fa8427\" data-element_type=\"widget\" data-settings=\"{&quot;_animation&quot;:&quot;fadeInDown&quot;}\" data-widget_type=\"heading.default\">\n\t\t\t\t<div class=\"elementor-widget-container\">\n\t\t\t\t\t<h2 class=\"elementor-heading-title elementor-size-default\">\u00bfQUI\u00c9NES SOMOS?<\/h2>\t\t\t\t<\/div>\n\t\t\t\t<\/div>\n\t\t\t\t<div class=\"elementor-element elementor-element-e9a8110 elementor-widget-divider--view-line elementor-widget elementor-widget-divider\" data-id=\"e9a8110\" data-element_type=\"widget\" data-widget_type=\"divider.default\">\n\t\t\t\t<div class=\"elementor-widget-container\">\n\t\t\t\t\t\t\t<div class=\"elementor-divider\">\n\t\t\t<span class=\"elementor-divider-separator\">\n\t\t\t\t\t\t<\/span>\n\t\t<\/div>\n\t\t\t\t\t\t<\/div>\n\t\t\t\t<\/div>\n\t\t<div class=\"elementor-element elementor-element-0e50bf9 e-con-full e-flex e-con e-child\" data-id=\"0e50bf9\" data-element_type=\"container\">\n\t\t\t\t<div class=\"elementor-element elementor-element-b668897 elementor-widget elementor-widget-text-editor\" data-id=\"b668897\" data-element_type=\"widget\" data-widget_type=\"text-editor.default\">\n\t\t\t\t<div class=\"elementor-widget-container\">\n\t\t\t\t\t\t\t\t\t<p><strong>Somos <\/strong><span style=\"color: #000000;\"><strong>32\u00a0arquitectos e ingenieros, <span style=\"color: #808080;\">con m\u00e1s de <\/span>15 a\u00f1os <span style=\"color: #888888;\">de experiencia,<\/span><\/strong><\/span><strong> <span style=\"color: #888888;\">especializados en<\/span><\/strong><span style=\"color: #999999;\"><strong><span style=\"color: #000000;\"> licitaciones de<\/span><span style=\"color: #999999;\">\u00a0<\/span><span style=\"color: #000000;\">obra civil y licitaciones de edificaci\u00f3n<\/span><span style=\"color: #000000;\"><span style=\"color: #999999;\">.\u00a0<\/span><\/span><\/strong><\/span>Redactamos el contenido de los sobres t\u00e9cnicos de dichos concursos. Es decir, la <strong><span style=\"text-decoration: underline;\">documentaci\u00f3n t\u00e9cnica subjetiva sujeta a juicio de valor<\/span><\/strong>.<\/p>\t\t\t\t\t\t\t\t<\/div>\n\t\t\t\t<\/div>\n\t\t\t\t<\/div>\n\t\t\t\t<\/div>\n\t\t\t\t\t<\/div>\n\t\t\t\t<\/div>\n\t\t<div class=\"elementor-element elementor-element-8psj1qh e-con-full e-flex e-con e-parent\" data-id=\"8psj1qh\" data-element_type=\"container\" data-settings=\"{&quot;background_background&quot;:&quot;classic&quot;}\">\n\t\t\t\t<div class=\"elementor-element elementor-element-6e7cf4c elementor-widget__width-inherit elementor-widget elementor-widget-video\" data-id=\"6e7cf4c\" data-element_type=\"widget\" data-settings=\"{&quot;video_type&quot;:&quot;hosted&quot;,&quot;autoplay&quot;:&quot;yes&quot;,&quot;play_on_mobile&quot;:&quot;yes&quot;,&quot;mute&quot;:&quot;yes&quot;,&quot;loop&quot;:&quot;yes&quot;}\" data-widget_type=\"video.default\">\n\t\t\t\t<div class=\"elementor-widget-container\">\n\t\t\t\t\t\t\t<div class=\"e-hosted-video elementor-wrapper elementor-open-inline\">\n\t\t\t\t\t<video class=\"elementor-video\" src=\"https:\/\/licisur.com\/wp-content\/uploads\/2024\/06\/Infografas_ejemplo.mp4\" autoplay=\"\" loop=\"\" muted=\"muted\" playsinline=\"\" controlsList=\"nodownload\"><\/video>\n\t\t\t\t<\/div>\n\t\t\t\t\t\t<\/div>\n\t\t\t\t<\/div>\n\t\t\t\t<\/div>\n\t\t<div class=\"elementor-element elementor-element-o8es54l e-flex e-con-boxed e-con e-parent\" data-id=\"o8es54l\" data-element_type=\"container\">\n\t\t\t\t\t<div class=\"e-con-inner\">\n\t\t<div class=\"elementor-element elementor-element-bc902d9 e-con-full e-flex elementor-invisible e-con e-child\" data-id=\"bc902d9\" data-element_type=\"container\" data-settings=\"{&quot;animation&quot;:&quot;fadeInLeft&quot;}\">\n\t\t\t\t<div class=\"elementor-element elementor-element-569d77b elementor-widget elementor-widget-heading\" data-id=\"569d77b\" data-element_type=\"widget\" data-settings=\"{&quot;_animation&quot;:&quot;none&quot;}\" data-widget_type=\"heading.default\">\n\t\t\t\t<div class=\"elementor-widget-container\">\n\t\t\t\t\t<h2 class=\"elementor-heading-title elementor-size-default\">NUESTRA HISTORIA Y COMO FUNCIONAMOS<\/h2>\t\t\t\t<\/div>\n\t\t\t\t<\/div>\n\t\t\t\t<div class=\"elementor-element elementor-element-db189e6 elementor-widget-divider--view-line elementor-widget elementor-widget-divider\" data-id=\"db189e6\" data-element_type=\"widget\" data-widget_type=\"divider.default\">\n\t\t\t\t<div class=\"elementor-widget-container\">\n\t\t\t\t\t\t\t<div class=\"elementor-divider\">\n\t\t\t<span class=\"elementor-divider-separator\">\n\t\t\t\t\t\t<\/span>\n\t\t<\/div>\n\t\t\t\t\t\t<\/div>\n\t\t\t\t<\/div>\n\t\t\t\t<div class=\"elementor-element elementor-element-ce554e8 elementor-widget elementor-widget-text-editor\" data-id=\"ce554e8\" data-element_type=\"widget\" data-widget_type=\"text-editor.default\">\n\t\t\t\t<div class=\"elementor-widget-container\">\n\t\t\t\t\t\t\t\t\t<p>Hemos participado en mas de <strong>tres mil<\/strong> concursos de obras.<\/p><p><strong>Nuestra forma de funcionar:<\/strong><br \/>Un equipo de trabajo se encargar\u00e1 de redactar tu documentaci\u00f3n t\u00e9cnica. Estar\u00e1 compuesto por un ingeniero o arquitecto para la memoria y el programa, un delineante para los planos, un infografista para los 3D, un calculista para el an\u00e1lisis de proyecto o rec\u00e1lc\u00falos, etc&#8230; y as\u00ed sucesivamente. En todo momento mantendremos una comunicaci\u00f3n fluida contigo.<\/p><p><strong>NO<\/strong> compartimos trabajos y <strong>NO<\/strong> realizamos documentaciones baratas.<\/p>\t\t\t\t\t\t\t\t<\/div>\n\t\t\t\t<\/div>\n\t\t\t\t<\/div>\n\t\t<div class=\"elementor-element elementor-element-b966e9a e-con-full e-flex elementor-invisible e-con e-child\" data-id=\"b966e9a\" data-element_type=\"container\" data-settings=\"{&quot;animation&quot;:&quot;fadeInRight&quot;}\">\n\t\t\t\t<div class=\"elementor-element elementor-element-89cd348 elementor-widget elementor-widget-image\" data-id=\"89cd348\" data-element_type=\"widget\" data-widget_type=\"image.default\">\n\t\t\t\t<div class=\"elementor-widget-container\">\n\t\t\t\t\t\t\t\t\t\t\t\t\t\t\t<img fetchpriority=\"high\" decoding=\"async\" width=\"2560\" height=\"1811\" src=\"https:\/\/licisur.com\/wp-content\/uploads\/2024\/07\/Avances_A2_page-0001-scaled.jpg\" class=\"attachment-full size-full wp-image-105\" alt=\"\" srcset=\"https:\/\/licisur.com\/wp-content\/uploads\/2024\/07\/Avances_A2_page-0001-scaled.jpg 2560w, https:\/\/licisur.com\/wp-content\/uploads\/2024\/07\/Avances_A2_page-0001-300x212.jpg 300w, https:\/\/licisur.com\/wp-content\/uploads\/2024\/07\/Avances_A2_page-0001-1024x724.jpg 1024w, https:\/\/licisur.com\/wp-content\/uploads\/2024\/07\/Avances_A2_page-0001-768x543.jpg 768w, https:\/\/licisur.com\/wp-content\/uploads\/2024\/07\/Avances_A2_page-0001-1536x1086.jpg 1536w, https:\/\/licisur.com\/wp-content\/uploads\/2024\/07\/Avances_A2_page-0001-2048x1449.jpg 2048w\" sizes=\"(max-width: 2560px) 100vw, 2560px\" \/>\t\t\t\t\t\t\t\t\t\t\t\t\t\t\t<\/div>\n\t\t\t\t<\/div>\n\t\t\t\t<\/div>\n\t\t\t\t\t<\/div>\n\t\t\t\t<\/div>\n\t\t<div class=\"elementor-element elementor-element-88ed1e6 e-flex e-con-boxed e-con e-parent\" data-id=\"88ed1e6\" data-element_type=\"container\">\n\t\t\t\t\t<div class=\"e-con-inner\">\n\t\t<div class=\"elementor-element elementor-element-d2e3bee e-con-full e-flex e-con e-child\" data-id=\"d2e3bee\" data-element_type=\"container\">\n\t\t\t\t<div class=\"elementor-element elementor-element-f6824d2 elementor-invisible elementor-widget elementor-widget-heading\" data-id=\"f6824d2\" data-element_type=\"widget\" data-settings=\"{&quot;_animation&quot;:&quot;fadeInDown&quot;}\" data-widget_type=\"heading.default\">\n\t\t\t\t<div class=\"elementor-widget-container\">\n\t\t\t\t\t<h2 class=\"elementor-heading-title elementor-size-default\">\u00bfQU\u00c9 HACEMOS?<\/h2>\t\t\t\t<\/div>\n\t\t\t\t<\/div>\n\t\t\t\t<div class=\"elementor-element elementor-element-8964c77 elementor-widget-divider--view-line elementor-widget elementor-widget-divider\" data-id=\"8964c77\" data-element_type=\"widget\" data-widget_type=\"divider.default\">\n\t\t\t\t<div class=\"elementor-widget-container\">\n\t\t\t\t\t\t\t<div class=\"elementor-divider\">\n\t\t\t<span class=\"elementor-divider-separator\">\n\t\t\t\t\t\t<\/span>\n\t\t<\/div>\n\t\t\t\t\t\t<\/div>\n\t\t\t\t<\/div>\n\t\t<div class=\"elementor-element elementor-element-af03032 e-con-full e-flex e-con e-child\" data-id=\"af03032\" data-element_type=\"container\">\n\t\t\t\t<div class=\"elementor-element elementor-element-e92c64a elementor-drop-cap-yes elementor-drop-cap-view-framed elementor-invisible elementor-widget elementor-widget-text-editor\" data-id=\"e92c64a\" data-element_type=\"widget\" data-settings=\"{&quot;drop_cap&quot;:&quot;yes&quot;,&quot;_animation&quot;:&quot;bounceIn&quot;}\" data-widget_type=\"text-editor.default\">\n\t\t\t\t<div class=\"elementor-widget-container\">\n\t\t\t\t\t\t\t\t\t<p><strong>Memorias constructivas<\/strong><\/p><p><strong>Programaciones de obras<\/strong><\/p><p><strong>Calidad<\/strong><\/p><p><strong>Medio Ambiente<\/strong><\/p><p><strong>Seguridad y salud<\/strong><\/p><p><strong>Revisiones de Mediciones<\/strong><\/p><p><strong>Minim. Impacto Usuarios<\/strong><\/p><p><strong>Mejoras<\/strong><\/p><p><strong>An\u00e1lisis de proyectos<\/strong><\/p><p><strong>Rec\u00e1lculos<\/strong><\/p><p><strong>Infograf\u00edas\u00a0<\/strong><\/p><p><strong>V\u00eddeos\u00a0<\/strong><\/p><p><strong>Planificaci\u00f3n 4D Synchro<\/strong><\/p><p><strong>Est. reducci\u00f3n de costes<\/strong><\/p><p><strong>Servicios afectados<\/strong><\/p><p><strong>Planes ahorro energ\u00e9tico<\/strong><\/p><p><strong>Planes de mantenimiento<\/strong><\/p><p><strong>Puesta en funcionamiento<\/strong><\/p><p><strong>Ingenier\u00eda de detalle<\/strong><\/p><p><strong>Documentaci\u00f3n final<\/strong><\/p><p><strong>Servicios post venta<\/strong><\/p><p><strong>Memorias BIM<\/strong><\/p>\t\t\t\t\t\t\t\t<\/div>\n\t\t\t\t<\/div>\n\t\t\t\t<\/div>\n\t\t\t\t<\/div>\n\t\t\t\t\t<\/div>\n\t\t\t\t<\/div>\n\t\t<div class=\"elementor-element elementor-element-047043d e-flex e-con-boxed e-con e-parent\" data-id=\"047043d\" data-element_type=\"container\">\n\t\t\t\t\t<div class=\"e-con-inner\">\n\t\t<div class=\"elementor-element elementor-element-271887c e-con-full e-flex e-con e-child\" data-id=\"271887c\" data-element_type=\"container\">\n\t\t\t\t<div class=\"elementor-element elementor-element-31f4314 elementor-invisible elementor-widget elementor-widget-heading\" data-id=\"31f4314\" data-element_type=\"widget\" data-settings=\"{&quot;_animation&quot;:&quot;fadeInDown&quot;}\" data-widget_type=\"heading.default\">\n\t\t\t\t<div class=\"elementor-widget-container\">\n\t\t\t\t\t<h2 class=\"elementor-heading-title elementor-size-default\">\u00bfTE INFORMO?<\/h2>\t\t\t\t<\/div>\n\t\t\t\t<\/div>\n\t\t\t\t<div class=\"elementor-element elementor-element-70d7cee elementor-widget-divider--view-line elementor-widget elementor-widget-divider\" data-id=\"70d7cee\" data-element_type=\"widget\" data-widget_type=\"divider.default\">\n\t\t\t\t<div class=\"elementor-widget-container\">\n\t\t\t\t\t\t\t<div class=\"elementor-divider\">\n\t\t\t<span class=\"elementor-divider-separator\">\n\t\t\t\t\t\t<\/span>\n\t\t<\/div>\n\t\t\t\t\t\t<\/div>\n\t\t\t\t<\/div>\n\t\t<div class=\"elementor-element elementor-element-e37cc21 e-con-full e-flex e-con e-child\" data-id=\"e37cc21\" data-element_type=\"container\">\n\t\t\t\t<div class=\"elementor-element elementor-element-0326b68 elementor-widget elementor-widget-text-editor\" data-id=\"0326b68\" data-element_type=\"widget\" data-widget_type=\"text-editor.default\">\n\t\t\t\t<div class=\"elementor-widget-container\">\n\t\t\t\t\t\t\t\t\t<p>Env\u00edanos un email a <a href=\"mailto:licisur@licisur.com\">licisur@licisur.com<\/a> y te <strong>informaremos<\/strong> peri\u00f3dicamente <strong>de forma gratuita<\/strong> de los concursos que tenemos libres, por si te interesa que te ofertemos alguno de ellos <strong>sin compromiso<\/strong>.<\/p><h3><strong>Contacto<\/strong><\/h3><p><strong>FIJO: 954 043 515<\/strong><br \/><strong>M\u00d3VIL: 625 543 072<\/strong><br \/><strong>MAIL: licisur@licisur.com<\/strong><\/p>\t\t\t\t\t\t\t\t<\/div>\n\t\t\t\t<\/div>\n\t\t\t\t<\/div>\n\t\t\t\t<\/div>\n\t\t\t\t\t<\/div>\n\t\t\t\t<\/div>\n\t\t\t\t<\/div>\n\t\t","protected":false},"excerpt":{"rendered":"<p>\u00abM\u00e1s de 15 a\u00f1os de experiencia, especializados en licitaciones de obra civil y licitaciones de edificaci\u00f3n.\u00bb \u00bfQUI\u00c9NES SOMOS? Somos 32\u00a0arquitectos [&hellip;]<\/p>\n","protected":false},"author":1,"featured_media":0,"parent":0,"menu_order":0,"comment_status":"closed","ping_status":"closed","template":"","meta":{"site-sidebar-layout":"no-sidebar","site-content-layout":"","ast-site-content-layout":"full-width-container","site-content-style":"default","site-sidebar-style":"default","ast-global-header-display":"","ast-banner-title-visibility":"","ast-main-header-display":"","ast-hfb-above-header-display":"","ast-hfb-below-header-display":"","ast-hfb-mobile-header-display":"","site-post-title":"disabled","ast-breadcrumbs-content":"","ast-featured-img":"disabled","footer-sml-layout":"","theme-transparent-header-meta":"","adv-header-id-meta":"","stick-header-meta":"","header-above-stick-meta":"","header-main-stick-meta":"","header-below-stick-meta":"","astra-migrate-meta-layouts":"default","ast-page-background-enabled":"default","ast-page-background-meta":{"desktop":{"background-color":"var(--ast-global-color-4)","background-image":"","background-repeat":"repeat","background-position":"center center","background-size":"auto","background-attachment":"scroll","background-type":"","background-media":"","overlay-type":"","overlay-color":"","overlay-opacity":"","overlay-gradient":""},"tablet":{"background-color":"","background-image":"","background-repeat":"repeat","background-position":"center center","background-size":"auto","background-attachment":"scroll","background-type":"","background-media":"","overlay-type":"","overlay-color":"","overlay-opacity":"","overlay-gradient":""},"mobile":{"background-color":"","background-image":"","background-repeat":"repeat","background-position":"center center","background-size":"auto","background-attachment":"scroll","background-type":"","background-media":"","overlay-type":"","overlay-color":"","overlay-opacity":"","overlay-gradient":""}},"ast-content-background-meta":{"desktop":{"background-color":"var(--ast-global-color-5)","background-image":"","background-repeat":"repeat","background-position":"center center","background-size":"auto","background-attachment":"scroll","background-type":"","background-media":"","overlay-type":"","overlay-color":"","overlay-opacity":"","overlay-gradient":""},"tablet":{"background-color":"var(--ast-global-color-5)","background-image":"","background-repeat":"repeat","background-position":"center center","background-size":"auto","background-attachment":"scroll","background-type":"","background-media":"","overlay-type":"","overlay-color":"","overlay-opacity":"","overlay-gradient":""},"mobile":{"background-color":"var(--ast-global-color-5)","background-image":"","background-repeat":"repeat","background-position":"center center","background-size":"auto","background-attachment":"scroll","background-type":"","background-media":"","overlay-type":"","overlay-color":"","overlay-opacity":"","overlay-gradient":""}},"footnotes":""},"aioseo_notices":[],"_links":{"self":[{"href":"https:\/\/licisur.com\/index.php\/wp-json\/wp\/v2\/pages\/7"}],"collection":[{"href":"https:\/\/licisur.com\/index.php\/wp-json\/wp\/v2\/pages"}],"about":[{"href":"https:\/\/licisur.com\/index.php\/wp-json\/wp\/v2\/types\/page"}],"author":[{"embeddable":true,"href":"https:\/\/licisur.com\/index.php\/wp-json\/wp\/v2\/users\/1"}],"replies":[{"embeddable":true,"href":"https:\/\/licisur.com\/index.php\/wp-json\/wp\/v2\/comments?post=7"}],"version-history":[{"count":71,"href":"https:\/\/licisur.com\/index.php\/wp-json\/wp\/v2\/pages\/7\/revisions"}],"predecessor-version":[{"id":111,"href":"https:\/\/licisur.com\/index.php\/wp-json\/wp\/v2\/pages\/7\/revisions\/111"}],"wp:attachment":[{"href":"https:\/\/licisur.com\/index.php\/wp-json\/wp\/v2\/media?parent=7"}],"curies":[{"name":"wp","href":"https:\/\/api.w.org\/{rel}","templated":true}]}}